{"id":301,"date":"2023-04-17T19:40:53","date_gmt":"2023-04-17T17:40:53","guid":{"rendered":"https:\/\/devpac-dz.com\/?page_id=301"},"modified":"2024-10-18T00:24:53","modified_gmt":"2024-10-17T22:24:53","slug":"a-propos","status":"publish","type":"page","link":"https:\/\/devpac-dz.com\/index.php\/a-propos\/","title":{"rendered":"A propos"},"content":{"rendered":"\t\t<div data-elementor-type=\"wp-page\" data-elementor-id=\"301\" class=\"elementor elementor-301\">\n\t\t\t\t\t\t\t\t\t<section class=\"elementor-section elementor-top-section elementor-element elementor-element-185d662 elementor-section-boxed elementor-section-height-default elementor-section-height-default\" data-id=\"185d662\" data-element_type=\"section\">\n\t\t\t\t\t\t<div class=\"elementor-container elementor-column-gap-default\">\n\t\t\t\t\t<div class=\"elementor-column elementor-col-100 elementor-top-column elementor-element elementor-element-b996ff1\" data-id=\"b996ff1\" data-element_type=\"column\">\n\t\t\t<div class=\"elementor-widget-wrap elementor-element-populated\">\n\t\t\t\t\t\t\t\t<div class=\"elementor-element elementor-element-0283865 elementor-widget elementor-widget-heading\" data-id=\"0283865\" data-element_type=\"widget\" data-widget_type=\"heading.default\">\n\t\t\t\t<div class=\"elementor-widget-container\">\n\t\t\t<style>\/*! elementor - v3.12.1 - 02-04-2023 *\/\n.elementor-heading-title{padding:0;margin:0;line-height:1}.elementor-widget-heading .elementor-heading-title[class*=elementor-size-]>a{color:inherit;font-size:inherit;line-height:inherit}.elementor-widget-heading .elementor-heading-title.elementor-size-small{font-size:15px}.elementor-widget-heading .elementor-heading-title.elementor-size-medium{font-size:19px}.elementor-widget-heading .elementor-heading-title.elementor-size-large{font-size:29px}.elementor-widget-heading .elementor-heading-title.elementor-size-xl{font-size:39px}.elementor-widget-heading .elementor-heading-title.elementor-size-xxl{font-size:59px}<\/style><h2 class=\"elementor-heading-title elementor-size-default\">A propos de nous<\/h2>\t\t<\/div>\n\t\t\t\t<\/div>\n\t\t\t\t\t<\/div>\n\t\t<\/div>\n\t\t\t\t\t\t\t<\/div>\n\t\t<\/section>\n\t\t\t\t<section class=\"elementor-section elementor-top-section elementor-element elementor-element-7c0238d elementor-section-boxed elementor-section-height-default elementor-section-height-default\" data-id=\"7c0238d\" data-element_type=\"section\">\n\t\t\t\t\t\t<div class=\"elementor-container elementor-column-gap-default\">\n\t\t\t\t\t<div class=\"elementor-column elementor-col-100 elementor-top-column elementor-element elementor-element-b6b96f9\" data-id=\"b6b96f9\" data-element_type=\"column\">\n\t\t\t<div class=\"elementor-widget-wrap elementor-element-populated\">\n\t\t\t\t\t\t\t\t<div class=\"elementor-element elementor-element-b33f0ca elementor-widget elementor-widget-text-editor\" data-id=\"b33f0ca\" data-element_type=\"widget\" data-widget_type=\"text-editor.default\">\n\t\t\t\t<div class=\"elementor-widget-container\">\n\t\t\t<style>\/*! elementor - v3.12.1 - 02-04-2023 *\/\n.elementor-widget-text-editor.elementor-drop-cap-view-stacked .elementor-drop-cap{background-color:#69727d;color:#fff}.elementor-widget-text-editor.elementor-drop-cap-view-framed .elementor-drop-cap{color:#69727d;border:3px solid;background-color:transparent}.elementor-widget-text-editor:not(.elementor-drop-cap-view-default) .elementor-drop-cap{margin-top:8px}.elementor-widget-text-editor:not(.elementor-drop-cap-view-default) .elementor-drop-cap-letter{width:1em;height:1em}.elementor-widget-text-editor .elementor-drop-cap{float:left;text-align:center;line-height:1;font-size:50px}.elementor-widget-text-editor .elementor-drop-cap-letter{display:inline-block}<\/style>\t\t\t\t<h6 style=\"margin: 0cm;\"><span style=\"color: #666666; font-family: Arial, sans-serif;\"><span style=\"font-size: 15.3333px;\"><strong>DEVPAC<\/strong> est une entreprise sp\u00e9cialis\u00e9e dans la fabrication d&#8217;emballages souples, principalement destin\u00e9s \u00e0 l&rsquo;industrie agroalimentaire. Depuis sa cr\u00e9ation il y a plus d&rsquo;une d\u00e9cennie, la soci\u00e9t\u00e9 a su se positionner comme un acteur majeur dans ce secteur gr\u00e2ce \u00e0 son expertise et son engagement envers la qualit\u00e9.<\/span><\/span><\/h6><h6 style=\"margin: 0cm;\"><span style=\"font-size: 15.3333px; color: #666666; font-family: Arial, sans-serif;\">Situ\u00e9e \u00e0 Zeralda, une localit\u00e9 strat\u00e9gique en p\u00e9riph\u00e9rie d&rsquo;Alger, DEVPAC b\u00e9n\u00e9ficie d&rsquo;une position g\u00e9ographique cl\u00e9, \u00e0 proximit\u00e9 des infrastructures logistiques importantes, comme le port d&rsquo;Alger et les grands p\u00f4les industriels. Cette localisation lui permet de r\u00e9pondre efficacement aux besoins de ses clients en termes de rapidit\u00e9 et de fiabilit\u00e9 des livraisons.<\/span><\/h6><h6 style=\"margin: 0cm;\"><span style=\"font-size: 15.3333px; color: #666666; font-family: Arial, sans-serif;\">DEVPAC se distingue par une ma\u00eetrise compl\u00e8te des processus de production d\u2019emballages flexibles, depuis l\u2019impression jusqu\u2019\u00e0 la transformation. Ses installations modernes, combin\u00e9es \u00e0 une gestion rigoureuse des mati\u00e8res premi\u00e8res et des stocks, lui permettent de produire \u00e0 grande \u00e9chelle tout en garantissant une qualit\u00e9 constante.\u00a0<\/span><\/h6><h6 style=\"margin: 0cm;\"><span style=\"font-size: 15.3333px; color: #666666; font-family: Arial, sans-serif;\">En investissant continuellement dans les technologies de pointe et en \u00e9tablissant des partenariats de confiance avec des fournisseurs de premier plan, l\u2019entreprise s\u2019assure une cha\u00eene d&rsquo;approvisionnement robuste et une production en phase avec les standards internationaux. De plus, DEVPAC accorde une importance particuli\u00e8re \u00e0 la formation et au d\u00e9veloppement de son personnel, favorisant l&rsquo;innovation et l&rsquo;am\u00e9lioration continue de ses services.<\/span><\/h6><h6 style=\"margin: 0cm;\"><span style=\"font-size: 15.3333px; color: #666666; font-family: Arial, sans-serif;\">Gr\u00e2ce \u00e0 son approche tourn\u00e9e vers la durabilit\u00e9 et la performance, DEVPAC est en mesure de r\u00e9pondre aux exigences vari\u00e9es de ses clients tout en renfor\u00e7ant sa position sur le march\u00e9 alg\u00e9rien et au-del\u00e0.<\/span><\/h6>\t\t\t\t\t\t<\/div>\n\t\t\t\t<\/div>\n\t\t\t\t\t<\/div>\n\t\t<\/div>\n\t\t\t\t\t\t\t<\/div>\n\t\t<\/section>\n\t\t\t\t<section class=\"elementor-section elementor-top-section elementor-element elementor-element-01a8b0c elementor-section-boxed elementor-section-height-default elementor-section-height-default\" data-id=\"01a8b0c\" data-element_type=\"section\">\n\t\t\t\t\t\t<div class=\"elementor-container elementor-column-gap-default\">\n\t\t\t\t\t<div class=\"elementor-column elementor-col-100 elementor-top-column elementor-element elementor-element-11c4144\" data-id=\"11c4144\" data-element_type=\"column\">\n\t\t\t<div class=\"elementor-widget-wrap elementor-element-populated\">\n\t\t\t\t\t\t\t\t<div class=\"elementor-element elementor-element-af003d8 elementor-arrows-position-inside elementor-widget elementor-widget-image-carousel\" data-id=\"af003d8\" data-element_type=\"widget\" data-settings=\"{&quot;slides_to_show&quot;:&quot;1&quot;,&quot;navigation&quot;:&quot;arrows&quot;,&quot;autoplay&quot;:&quot;yes&quot;,&quot;pause_on_hover&quot;:&quot;yes&quot;,&quot;pause_on_interaction&quot;:&quot;yes&quot;,&quot;autoplay_speed&quot;:5000,&quot;infinite&quot;:&quot;yes&quot;,&quot;effect&quot;:&quot;slide&quot;,&quot;speed&quot;:500}\" data-widget_type=\"image-carousel.default\">\n\t\t\t\t<div class=\"elementor-widget-container\">\n\t\t\t<style>\/*! elementor - v3.12.1 - 02-04-2023 *\/\n.elementor-widget-image-carousel .swiper,.elementor-widget-image-carousel .swiper-container{position:static}.elementor-widget-image-carousel .swiper-container .swiper-slide figure,.elementor-widget-image-carousel .swiper .swiper-slide figure{line-height:inherit}.elementor-widget-image-carousel .swiper-slide{text-align:center}.elementor-image-carousel-wrapper:not(.swiper-container-initialized) .swiper-slide,.elementor-image-carousel-wrapper:not(.swiper-initialized) .swiper-slide{max-width:calc(100% \/ var(--e-image-carousel-slides-to-show, 3))}<\/style>\t\t<div class=\"elementor-image-carousel-wrapper swiper\" dir=\"ltr\">\n\t\t\t<div class=\"elementor-image-carousel swiper-wrapper\">\n\t\t\t\t\t\t\t\t<div class=\"swiper-slide\"><figure class=\"swiper-slide-inner\"><img decoding=\"async\" class=\"swiper-slide-image\" src=\"https:\/\/devpac-dz.com\/wp-content\/uploads\/2023\/04\/PRINT_SUPPORT-1-1024x710.jpg\" alt=\"PRINT_SUPPORT\" \/><\/figure><\/div><div class=\"swiper-slide\"><figure class=\"swiper-slide-inner\"><img decoding=\"async\" class=\"swiper-slide-image\" src=\"https:\/\/devpac-dz.com\/wp-content\/uploads\/2023\/04\/BOBINE_COMPLEX01-1-1024x675.jpg\" alt=\"BOBINE_COMPLEX01\" \/><\/figure><\/div><div class=\"swiper-slide\"><figure class=\"swiper-slide-inner\"><img decoding=\"async\" class=\"swiper-slide-image\" src=\"https:\/\/devpac-dz.com\/wp-content\/uploads\/2023\/04\/DECOUPE-OPER2-1-1024x739.jpg\" alt=\"DECOUPE OPER2\" \/><\/figure><\/div><div class=\"swiper-slide\"><figure class=\"swiper-slide-inner\"><img decoding=\"async\" class=\"swiper-slide-image\" src=\"https:\/\/devpac-dz.com\/wp-content\/uploads\/2023\/04\/DECOUPE-1-1024x744.jpg\" alt=\"DECOUPE\" \/><\/figure><\/div><div class=\"swiper-slide\"><figure class=\"swiper-slide-inner\"><img decoding=\"async\" class=\"swiper-slide-image\" src=\"https:\/\/devpac-dz.com\/wp-content\/uploads\/2023\/04\/FLEXO_MACHINE-01-1-1024x682.jpg\" alt=\"FLEXO_MACHINE 01\" \/><\/figure><\/div><div class=\"swiper-slide\"><figure class=\"swiper-slide-inner\"><img decoding=\"async\" class=\"swiper-slide-image\" src=\"https:\/\/devpac-dz.com\/wp-content\/uploads\/2023\/04\/COMPLEXE-01-1024x695.jpg\" alt=\"COMPLEXE 01\" \/><\/figure><\/div><div class=\"swiper-slide\"><figure class=\"swiper-slide-inner\"><img decoding=\"async\" class=\"swiper-slide-image\" src=\"https:\/\/devpac-dz.com\/wp-content\/uploads\/2023\/04\/COMPLEXE-02-1024x768.jpg\" alt=\"COMPLEXE 02\" \/><\/figure><\/div>\t\t\t<\/div>\n\t\t\t\t\t\t\t\t\t\t\t\t\t\t\t\t<div class=\"elementor-swiper-button elementor-swiper-button-prev\">\n\t\t\t\t\t\t<i aria-hidden=\"true\" class=\"eicon-chevron-left\"><\/i>\t\t\t\t\t\t<span class=\"elementor-screen-only\">Pr\u00e9c\u00e9dent<\/span>\n\t\t\t\t\t<\/div>\n\t\t\t\t\t<div class=\"elementor-swiper-button elementor-swiper-button-next\">\n\t\t\t\t\t\t<i aria-hidden=\"true\" class=\"eicon-chevron-right\"><\/i>\t\t\t\t\t\t<span class=\"elementor-screen-only\">Suivant<\/span>\n\t\t\t\t\t<\/div>\n\t\t\t\t\t\t\t\t\t<\/div>\n\t\t\t\t<\/div>\n\t\t\t\t<\/div>\n\t\t\t\t\t<\/div>\n\t\t<\/div>\n\t\t\t\t\t\t\t<\/div>\n\t\t<\/section>\n\t\t\t\t\t\t\t<\/div>\n\t\t","protected":false},"excerpt":{"rendered":"<p>A propos de nous DEVPAC est une entreprise sp\u00e9cialis\u00e9e dans la fabrication d&#8217;emballages souples, principalement destin\u00e9s \u00e0 l&rsquo;industrie agroalimentaire. Depuis sa cr\u00e9ation il y a plus d&rsquo;une d\u00e9cennie, la soci\u00e9t\u00e9 a su se positionner comme un acteur majeur dans ce secteur gr\u00e2ce \u00e0 son expertise et son engagement envers la qualit\u00e9. Situ\u00e9e \u00e0 Zeralda, une [&hellip;]<\/p>\n","protected":false},"author":1,"featured_media":0,"parent":0,"menu_order":0,"comment_status":"closed","ping_status":"closed","template":"","meta":{"footnotes":""},"class_list":["post-301","page","type-page","status-publish","hentry"],"_links":{"self":[{"href":"https:\/\/devpac-dz.com\/index.php\/wp-json\/wp\/v2\/pages\/301","targetHints":{"allow":["GET"]}}],"collection":[{"href":"https:\/\/devpac-dz.com\/index.php\/wp-json\/wp\/v2\/pages"}],"about":[{"href":"https:\/\/devpac-dz.com\/index.php\/wp-json\/wp\/v2\/types\/page"}],"author":[{"embeddable":true,"href":"https:\/\/devpac-dz.com\/index.php\/wp-json\/wp\/v2\/users\/1"}],"replies":[{"embeddable":true,"href":"https:\/\/devpac-dz.com\/index.php\/wp-json\/wp\/v2\/comments?post=301"}],"version-history":[{"count":41,"href":"https:\/\/devpac-dz.com\/index.php\/wp-json\/wp\/v2\/pages\/301\/revisions"}],"predecessor-version":[{"id":1118,"href":"https:\/\/devpac-dz.com\/index.php\/wp-json\/wp\/v2\/pages\/301\/revisions\/1118"}],"wp:attachment":[{"href":"https:\/\/devpac-dz.com\/index.php\/wp-json\/wp\/v2\/media?parent=301"}],"curies":[{"name":"wp","href":"https:\/\/api.w.org\/{rel}","templated":true}]}}